{"id":301,"date":"2022-08-02T22:27:15","date_gmt":"2022-08-02T21:27:15","guid":{"rendered":"http:\/\/walker.inovativ1.opalstacked.com\/?page_id=301"},"modified":"2024-04-17T12:26:29","modified_gmt":"2024-04-17T11:26:29","slug":"cekame","status":"publish","type":"page","link":"https:\/\/wr07.eu\/?page_id=301","title":{"rendered":"\u010dek\u00e1me&#8230;"},"content":{"rendered":"\n<pre class=\"wp-block-verse has-text-align-center has-black-color has-text-color\">\u017ee zavol\u00e1te na telefonn\u00ed \u010d\u00edsla:\n<mark style=\"background-color:rgba(0, 0, 0, 0)\" class=\"has-inline-color has-vivid-red-color\">725 970 224, 582 330 512, 582 349 263<\/mark>\n(kdy\u017e chcete mluvit s grafikem nebo o va\u0161\u00ed zak\u00e1zce)\n<mark style=\"background-color:rgba(0, 0, 0, 0)\" class=\"has-inline-color has-vivid-red-color\">775 115 065<\/mark> \n(kdy\u017e pot\u0159ebujete n\u011bco kolem fakturace)\na nebo <mark style=\"background-color:rgba(0, 0, 0, 0)\" class=\"has-inline-color has-vivid-red-color\">608 735 396<\/mark>\n(kdy\u017e v\u00e1m nesta\u010d\u00ed mluvit s kov\u00e1\u0159\u00ed\u010dky...)\n\na taky si pravideln\u011b prohl\u00ed\u017e\u00edme va\u0161e maily:\n<mark style=\"background-color:rgba(0, 0, 0, 0)\" class=\"has-inline-color has-vivid-red-color\">petr@wr07.eu<\/mark><strong> - <\/strong>zak\u00e1zky a grafik<strong>\n<\/strong>barbora@wr07.eu<strong> <\/strong>- zak\u00e1zky a grafi\u010dka\n<mark style=\"background-color:rgba(0, 0, 0, 0)\" class=\"has-inline-color has-vivid-red-color\">mirka@wr07.eu<\/mark> - fakturace\n<mark style=\"background-color:rgba(0, 0, 0, 0)\" class=\"has-inline-color has-vivid-red-color\">josef@wr07.eu<\/mark> - ten co v\u00e1m k tomu v\u0161emu uva\u0159\u00ed i kafe\n\na \u00fapln\u011b nejrad\u011bji na v\u00e1s \u010dek\u00e1me na adrese:\nHusovo n\u00e1m. 55, 796 01 Prost\u011bjov\nod pond\u011bl\u00ed do p\u00e1tku\nod 10 do 15.30<\/pre>\n","protected":false},"excerpt":{"rendered":"<p>\u017ee zavol\u00e1te na telefonn\u00ed \u010d\u00edsla: 725 970 224, 582 330 512, 582 349 263 (kdy\u017e chcete mluvit s grafikem nebo o va\u0161\u00ed zak\u00e1zce) 775 115 065 (kdy\u017e pot\u0159ebujete n\u011bco kolem fakturace) a nebo 608 735 396 (kdy\u017e v\u00e1m nesta\u010d\u00ed mluvit s kov\u00e1\u0159\u00ed\u010dky&#8230;) a taky si pravideln\u011b prohl\u00ed\u017e\u00edme va\u0161e maily: petr@wr07.eu &#8211; zak\u00e1zky a grafik barbora@wr07.eu [&hellip;]<\/p>\n","protected":false},"author":2,"featured_media":0,"parent":0,"menu_order":10,"comment_status":"closed","ping_status":"closed","template":"","meta":[],"_links":{"self":[{"href":"https:\/\/wr07.eu\/index.php?rest_route=\/wp\/v2\/pages\/301"}],"collection":[{"href":"https:\/\/wr07.eu\/index.php?rest_route=\/wp\/v2\/pages"}],"about":[{"href":"https:\/\/wr07.eu\/index.php?rest_route=\/wp\/v2\/types\/page"}],"author":[{"embeddable":true,"href":"https:\/\/wr07.eu\/index.php?rest_route=\/wp\/v2\/users\/2"}],"replies":[{"embeddable":true,"href":"https:\/\/wr07.eu\/index.php?rest_route=%2Fwp%2Fv2%2Fcomments&post=301"}],"version-history":[{"count":9,"href":"https:\/\/wr07.eu\/index.php?rest_route=\/wp\/v2\/pages\/301\/revisions"}],"predecessor-version":[{"id":407,"href":"https:\/\/wr07.eu\/index.php?rest_route=\/wp\/v2\/pages\/301\/revisions\/407"}],"wp:attachment":[{"href":"https:\/\/wr07.eu\/index.php?rest_route=%2Fwp%2Fv2%2Fmedia&parent=301"}],"curies":[{"name":"wp","href":"https:\/\/api.w.org\/{rel}","templated":true}]}}